{"id":39588,"date":"2018-01-23T10:34:09","date_gmt":"2018-01-23T10:34:09","guid":{"rendered":"http:\/\/www.cosmoty.de\/test\/?page_id=39588"},"modified":"2018-01-23T10:34:09","modified_gmt":"2018-01-23T10:34:09","slug":"dschungelcamp-2018-das-ist-der-meistgesuchte-promi-kandidat-im-netz","status":"publish","type":"page","link":"https:\/\/www.cosmoty.de\/test\/dschungelcamp-2018-das-ist-der-meistgesuchte-promi-kandidat-im-netz\/","title":{"rendered":"Dschungelcamp 2018: Das ist der meistgesuchte Promi-Kandidat im Netz!"},"content":{"rendered":"<p><span style=\"font-weight: 400;\">Am 19.01.2018 ist es wieder so weit: 12 Kandidaten k\u00e4mpfen im Dschungelcamp bei Ekel-Pr\u00fcfungen um die Gunst der Zuschauer. 2017 waren die Zuschauerzahlen mit 7,72 Millionen Zuschauern pro Folge so hoch wie noch nie, wie <\/span><a href=\"https:\/\/de.statista.com\/statistik\/daten\/studie\/379949\/umfrage\/tv-zuschauer-des-dschungelcamps\/\"><span style=\"font-weight: 400;\">diese Erhebung der <\/span><span style=\"font-weight: 400;\">AGF\/GfK-Fernsehforschung und Media Control<\/span><\/a><span style=\"font-weight: 400;\"> zeigt<\/span><span style=\"font-weight: 400;\">.<\/span><\/p>\n<p><span style=\"font-weight: 400;\">Grund genug f\u00fcr die Redakteure des Beauty- und Promi-Portals <\/span><a href=\"http:\/\/www.cosmoty.de\/\"><span style=\"font-weight: 400;\">Cosmoty.de<\/span><\/a><span style=\"font-weight: 400;\">, zu analysieren: Welcher Promi wird eigentlich im Netz am meisten gesucht? Die Redakteure haben die Google-Suchanfragen aller Kandidaten recherchiert und stellen fest:<\/span><\/p>\n<ul>\n<li><b>Der klare Sieger: David Friedrich! Den Bachelorette-Sieger 2017 und Drummer der Band Eskimo Callboy googlen pro Monat durchschnittlich 49.500 User.<\/b><\/li>\n<li><strong>Den zweiten Platz sichert sich Jenny Frankhauser. Die Influencerin und Schwester von Daniela Katzenberger recherchieren monatlich 33.100 Personen.<\/strong><\/li>\n<li><strong>Den dritten Platz belegt Natascha Ochsenknecht (22.200 Suchanfragen pro Monat), gefolgt von Million\u00e4rswitwe Tatjana Gsell und Ex-GNTM-Kandidatin Giuliana Farfalla (je 12.100 Anfragen).<\/strong><\/li>\n<li><strong>Den f\u00fcnften Platz teilen sich S\u00e4nger Daniele Negroni, Ansgar Brinkmann und Kattia Vides (je 9.900 Suchanfragen\/Monat).<\/strong><\/li>\n<\/ul>\n<p><img loading=\"lazy\" decoding=\"async\" class=\"size-large wp-image-39589 aligncenter\" src=\"http:\/\/www.cosmoty.de\/test\/wp-content\/uploads\/2018\/01\/dschungelcamp-2018-sieger-im-netz-1024x632.png\" alt=\"\" width=\"840\" height=\"518\" srcset=\"https:\/\/www.cosmoty.de\/test\/wp-content\/uploads\/2018\/01\/dschungelcamp-2018-sieger-im-netz-1024x632.png 1024w, https:\/\/www.cosmoty.de\/test\/wp-content\/uploads\/2018\/01\/dschungelcamp-2018-sieger-im-netz-300x185.png 300w, https:\/\/www.cosmoty.de\/test\/wp-content\/uploads\/2018\/01\/dschungelcamp-2018-sieger-im-netz-768x474.png 768w, https:\/\/www.cosmoty.de\/test\/wp-content\/uploads\/2018\/01\/dschungelcamp-2018-sieger-im-netz-1200x741.png 1200w\" sizes=\"auto, (max-width: 709px) 85vw, (max-width: 909px) 67vw, (max-width: 1362px) 62vw, 840px\" \/><\/p>\n<p><b>Berlin <\/b><span style=\"font-weight: 400;\">\u2013 12 Kandidaten ziehen dieses Jahr wieder in den australischen Dschungel und m\u00fcssen die ber\u00fcchtigten Dschungel-Pr\u00fcfungen \u00fcber sich ergehen lassen. Dabei z\u00e4hlt Schadenfreude ganz klar zu den Hauptgr\u00fcnden, die Sendung zu sehen, wie <\/span><a href=\"https:\/\/de.statista.com\/statistik\/daten\/studie\/654215\/umfrage\/umfrage-zu-den-gruenden-fuer-das-schauen-des-dschungelcamps\/\"><span style=\"font-weight: 400;\">diese You-Gov-Erhebung<\/span><\/a><span style=\"font-weight: 400;\"> zeigt.<\/span><\/p>\n<p><b>Das Netz hat bereits einen klaren Sieger<\/b><\/p>\n<p><span style=\"font-weight: 400;\">W\u00e4hrend Deutschland noch gespannt diskutiert, wer sich im Dschungel als Publikumsliebling durchsetzen wird, gibt es im Netz schon einen klaren Dschungelk\u00f6nig: Mit Abstand am meisten Menschen suchen nach David Friedrich. Mit 49.500 Suchanfragen pro Monat \u00fcber die letzten 12 Monate ist das Interesse an dem Bachelorette-Sieger und Musiker mit Abstand am gr\u00f6\u00dften.<\/span><\/p>\n<p><span style=\"font-weight: 400;\">\u201cDer Bachelorette-Gewinner und Drummer der Band Eskimo Callboy gilt als Womanizer\u201d, erkl\u00e4rt D\u00e9sir\u00e9e Rossa, SEO-Expertin bei cosmoty.de und Leiterin der Auswertung. \u201cNach dem eher unsch\u00f6nen Beziehungsaus mit Bachelorette Jessica Paszka sind wahrscheinlich viele gespannt, ob der Rosenkavalier Details aus der Beziehung ausplaudert\u201d f\u00fchrt Rossa aus.<\/span><\/p>\n<p><img loading=\"lazy\" decoding=\"async\" class=\"wp-image-39596 size-full aligncenter\" src=\"http:\/\/www.cosmoty.de\/test\/wp-content\/uploads\/2018\/01\/dschungelcamp-tabelle-1.png\" alt=\"\" width=\"527\" height=\"687\" srcset=\"https:\/\/www.cosmoty.de\/test\/wp-content\/uploads\/2018\/01\/dschungelcamp-tabelle-1.png 527w, https:\/\/www.cosmoty.de\/test\/wp-content\/uploads\/2018\/01\/dschungelcamp-tabelle-1-230x300.png 230w\" sizes=\"auto, (max-width: 527px) 85vw, 527px\" \/><\/p>\n<p><b>Jenny Frankhauser auf Platz zwei<\/b><\/p>\n<p><span style=\"font-weight: 400;\">Auch das Interesse an Influencerin Jenny Frankhauser ist gro\u00df. Der Name der Schwester von Reality-Star Daniela Katzenberger wird ca. 33.100 mal pro Monat in die Suchmaschine eingegeben.<\/span><\/p>\n<p><span style=\"font-weight: 400;\">Den dritten Platz belegt Natascha Ochsenknecht. Die Mode-Designerin und Ex-Frau von Schauspieler Uwe Ochsenknecht mit 22.200 Sucheingaben bei Google.<\/span><\/p>\n<p><b>F\u00fcnf Promis teilen sich vierten und f\u00fcnften Platz<\/b><\/p>\n<p><span style=\"font-weight: 400;\">\u201cBei den Viert- und F\u00fcnftplatzierten gibt es mehrere Anw\u00e4rter auf dieselbe Platzierung\u201d, erl\u00e4utert D\u00e9sir\u00e9e Rossa von cosmoty.de. \u201cBei diesen direkten Rivalen und Rivalinnen um die Beliebtheit beim Publikum wird es besonders interessant zu sehen, wer am Ende siegreich aus dem Wettstreit hervorgeht\u201d, so die Einsch\u00e4tzung der Cosmoty.de-Expertin.<\/span><\/p>\n<p><span style=\"font-weight: 400;\">\u201cSociety-Lady Tatjana Gsell und Ex-Germany\u00b4s-Next-Topmodel-Kandidatin Giuliana Farfalla teilen sich den vierten Platz mit jeweils 12.100 Suchanfragen pro Monat\u201d, so Rossa weiter.<\/span><\/p>\n<p><span style=\"font-weight: 400;\">Um den f\u00fcnften Platz mit jeweils 9.900 streiten sich sogar gleich drei der Kandidaten: S\u00e4nger und Ex-Kandidat bei \u201cDeutschland sucht den Superstar\u201d Daniele Negroni, Ex-Fu\u00dfballer Ansgar Brinkmann und Ex-Bachelor-Kandidatin Kattia Vides scheitern knapp an der 10.000er-Marke.<\/span><\/p>\n<p><b>Das sind die Underdogs bei den Suchanfragen<\/b><\/p>\n<p><span style=\"font-weight: 400;\">Die geringsten Suchvolumen haben bisher Schlagers\u00e4ngerin Tina York (8.100 Suchanfragen pro Monat), Reality-Star Matthias Mangiapane (4.400 Suchanfragen), S\u00e4nger Sydney Youngblood (3.600 Suchanfragen) und Schauspielerin Sandra Steffl (2.900 Suchanfragen).\u00a0\u00a0<\/span><\/p>\n<p><span style=\"font-weight: 400;\">Allerdings gab es ja auch schon so manche \u00dcberraschung im Dschungel. \u201cWir d\u00fcrfen gespannt sein, ob sich eine der weiter hinten platzierten Pers\u00f6nlichkeiten Sympathie-Punkte bei den Zuschauern erarbeiten wird und so auch ihr Suchvolumen steigern kann\u201d, so Rossa.<\/span><\/p>\n<p><b>Wie ist die Cosmoty.de-Analyse zustandegekommen?<\/b><\/p>\n<p><span style=\"font-weight: 400;\">\u201cF\u00fcr die Auswertung wurden mithilfe eines SEO-Tools die durchschnittlichen Suchanfragen pro Monat f\u00fcr jeden Kandidaten und jede Kandidatin innerhalb der letzten 12 Monate analysiert. Dadurch sind die Ergebnisse belastbar und stabil gegen\u00fcber saisonalen Ausrei\u00dfern\u201d, erl\u00e4utert cosmoty.de-SEO-Spezialistin und Leiterin der Analyse D\u00e9sir\u00e9e Rossa.<\/span><\/p>\n<p><b>Hintergrund<\/b><\/p>\n<p><i><span style=\"font-weight: 400;\">Cosmoty.de ist ein Beauty-Portal mit Tipps und Tricks rund um Sch\u00f6nheit, Kosmetik und Parfum. Herausgeberin ist die VGl Verlagsgesellschaft mit Sitz in Berlin.<\/span><\/i><\/p>\n<p><b>Ben\u00f6tigen Sie einen Expertenkommentar oder ein Interview zur Auswertung?<\/b><\/p>\n<p><span style=\"font-weight: 400;\">Wir helfen Ihnen gerne weiter. Bitte kontaktieren Sie uns:<\/span><\/p>\n<p><b>D\u00e9sir\u00e9e Rossa<br \/>\n<\/b>Pressesprecherin<br \/>\nE-Mail: <a href=\"mailto:desiree.rossa@vergleich.org\">desiree.rossa@vergleich.org<br \/>\n<\/a>Telefon: 0176 \/ 47170063<\/p>\n<p><b>Herausgeber dieser Pressemitteilung:<br \/>\n<\/b><span style=\"font-weight: 400;\">VGL Verlagsgesellschaft mbH<br \/>\n<\/span><span style=\"font-weight: 400;\">K\u00f6penicker Stra\u00dfe 126<br \/>\n<\/span><span style=\"font-weight: 400;\">D-10179 Berlin<\/span><span style=\"font-weight: 400;\"><br \/>\n<\/span><span style=\"font-weight: 400;\">Web: <\/span><a href=\"https:\/\/www.vergleich.org\/\"><span style=\"font-weight: 400;\">https:\/\/www.vergleich.org\/<\/span><\/a><\/p>\n<span id=\"post-ratings-39588\" class=\"post-ratings hreview-aggregate\" data-nonce=\"57f6af998d\"><img decoding=\"async\" id=\"rating_39588_1\" src=\"https:\/\/www.cosmoty.de\/test\/wp-content\/plugins\/wp-postratings\/images\/stars_crystal\/rating_on.gif\" alt=\"1 Stern\" title=\"1 Stern\" onmouseover=\"current_rating(39588, 1, '1 Stern');\" onmouseout=\"ratings_off(4.2, 0, 0);\" onclick=\"rate_post();\" onkeypress=\"rate_post();\" style=\"cursor: pointer; border: 0px;\" \/><img decoding=\"async\" id=\"rating_39588_2\" src=\"https:\/\/www.cosmoty.de\/test\/wp-content\/plugins\/wp-postratings\/images\/stars_crystal\/rating_on.gif\" alt=\"2 Sterne\" title=\"2 Sterne\" onmouseover=\"current_rating(39588, 2, '2 Sterne');\" onmouseout=\"ratings_off(4.2, 0, 0);\" onclick=\"rate_post();\" onkeypress=\"rate_post();\" style=\"cursor: pointer; border: 0px;\" \/><img decoding=\"async\" id=\"rating_39588_3\" src=\"https:\/\/www.cosmoty.de\/test\/wp-content\/plugins\/wp-postratings\/images\/stars_crystal\/rating_on.gif\" alt=\"3 Sterne\" title=\"3 Sterne\" onmouseover=\"current_rating(39588, 3, '3 Sterne');\" onmouseout=\"ratings_off(4.2, 0, 0);\" onclick=\"rate_post();\" onkeypress=\"rate_post();\" style=\"cursor: pointer; border: 0px;\" \/><img decoding=\"async\" id=\"rating_39588_4\" src=\"https:\/\/www.cosmoty.de\/test\/wp-content\/plugins\/wp-postratings\/images\/stars_crystal\/rating_on.gif\" alt=\"4 Sterne\" title=\"4 Sterne\" onmouseover=\"current_rating(39588, 4, '4 Sterne');\" onmouseout=\"ratings_off(4.2, 0, 0);\" onclick=\"rate_post();\" onkeypress=\"rate_post();\" style=\"cursor: pointer; border: 0px;\" \/><img decoding=\"async\" id=\"rating_39588_5\" src=\"https:\/\/www.cosmoty.de\/test\/wp-content\/plugins\/wp-postratings\/images\/stars_crystal\/rating_off.gif\" alt=\"5 Sterne\" title=\"5 Sterne\" onmouseover=\"current_rating(39588, 5, '5 Sterne');\" onmouseout=\"ratings_off(4.2, 0, 0);\" onclick=\"rate_post();\" onkeypress=\"rate_post();\" style=\"cursor: pointer; border: 0px;\" \/> (<strong>24<\/strong> Bewertungen, Durchschnitt: <strong>4,20<\/strong> von 5)<br \/><span class=\"post-ratings-text\" id=\"ratings_39588_text\"><\/span><\/span><span id=\"post-ratings-39588-loading\" class=\"post-ratings-loading\"><img loading=\"lazy\" decoding=\"async\" src=\"https:\/\/www.cosmoty.de\/test\/wp-content\/plugins\/wp-postratings\/images\/loading.gif\" width=\"16\" height=\"16\" class=\"post-ratings-image\" \/>Loading...<\/span>","protected":false},"excerpt":{"rendered":"<p>Am 19.01.2018 ist es wieder so weit: 12 Kandidaten k\u00e4mpfen im Dschungelcamp bei Ekel-Pr\u00fcfungen um die Gunst der Zuschauer. 2017 waren die Zuschauerzahlen mit 7,72 Millionen Zuschauern pro Folge so hoch wie noch nie, wie diese Erhebung der AGF\/GfK-Fernsehforschung und Media Control zeigt. Grund genug f\u00fcr die Redakteure des Beauty- und Promi-Portals Cosmoty.de, zu analysieren: [&hellip;]<\/p>\n","protected":false},"author":1,"featured_media":0,"parent":0,"menu_order":0,"comment_status":"closed","ping_status":"closed","template":"","meta":{"_acf_changed":false,"footnotes":""},"class_list":["post-39588","page","type-page","status-publish","hentry"],"acf":[],"yoast_head":"<!-- This site is optimized with the Yoast SEO plugin v27.4 - https:\/\/yoast.com\/product\/yoast-seo-wordpress\/ -->\n<title>Dschungelcamp 2018: Das ist der meistgesuchte Promi-Kandidat im Netz! - Cosmoty.de<\/title>\n<meta name=\"robots\" content=\"index, follow, max-snippet:-1, max-image-preview:large, max-video-preview:-1\" \/>\n<link rel=\"canonical\" href=\"https:\/\/www.cosmoty.de\/test\/dschungelcamp-2018-das-ist-der-meistgesuchte-promi-kandidat-im-netz\/\" \/>\n<meta property=\"og:locale\" content=\"de_DE\" \/>\n<meta property=\"og:type\" content=\"article\" \/>\n<meta property=\"og:title\" content=\"Dschungelcamp 2018: Das ist der meistgesuchte Promi-Kandidat im Netz! - Cosmoty.de\" \/>\n<meta property=\"og:description\" content=\"Am 19.01.2018 ist es wieder so weit: 12 Kandidaten k\u00e4mpfen im Dschungelcamp bei Ekel-Pr\u00fcfungen um die Gunst der Zuschauer. 2017 waren die Zuschauerzahlen mit 7,72 Millionen Zuschauern pro Folge so hoch wie noch nie, wie diese Erhebung der AGF\/GfK-Fernsehforschung und Media Control zeigt. Grund genug f\u00fcr die Redakteure des Beauty- und Promi-Portals Cosmoty.de, zu analysieren: [&hellip;]\" \/>\n<meta property=\"og:url\" content=\"https:\/\/www.cosmoty.de\/test\/dschungelcamp-2018-das-ist-der-meistgesuchte-promi-kandidat-im-netz\/\" \/>\n<meta property=\"og:site_name\" content=\"Cosmoty.de\" \/>\n<meta property=\"og:image\" content=\"http:\/\/www.cosmoty.de\/test\/wp-content\/uploads\/2018\/01\/dschungelcamp-2018-sieger-im-netz-1024x632.png\" \/>\n<meta name=\"twitter:card\" content=\"summary_large_image\" \/>\n<meta name=\"twitter:label1\" content=\"Gesch\u00e4tzte Lesezeit\" \/>\n\t<meta name=\"twitter:data1\" content=\"3\u00a0Minuten\" \/>\n<script type=\"application\/ld+json\" class=\"yoast-schema-graph\">{\"@context\":\"https:\\\/\\\/schema.org\",\"@graph\":[{\"@type\":\"WebPage\",\"@id\":\"https:\\\/\\\/www.cosmoty.de\\\/test\\\/dschungelcamp-2018-das-ist-der-meistgesuchte-promi-kandidat-im-netz\\\/\",\"url\":\"https:\\\/\\\/www.cosmoty.de\\\/test\\\/dschungelcamp-2018-das-ist-der-meistgesuchte-promi-kandidat-im-netz\\\/\",\"name\":\"Dschungelcamp 2018: Das ist der meistgesuchte Promi-Kandidat im Netz! - Cosmoty.de\",\"isPartOf\":{\"@id\":\"https:\\\/\\\/www.cosmoty.de\\\/test\\\/#website\"},\"primaryImageOfPage\":{\"@id\":\"https:\\\/\\\/www.cosmoty.de\\\/test\\\/dschungelcamp-2018-das-ist-der-meistgesuchte-promi-kandidat-im-netz\\\/#primaryimage\"},\"image\":{\"@id\":\"https:\\\/\\\/www.cosmoty.de\\\/test\\\/dschungelcamp-2018-das-ist-der-meistgesuchte-promi-kandidat-im-netz\\\/#primaryimage\"},\"thumbnailUrl\":\"http:\\\/\\\/www.cosmoty.de\\\/test\\\/wp-content\\\/uploads\\\/2018\\\/01\\\/dschungelcamp-2018-sieger-im-netz-1024x632.png\",\"datePublished\":\"2018-01-23T10:34:09+00:00\",\"breadcrumb\":{\"@id\":\"https:\\\/\\\/www.cosmoty.de\\\/test\\\/dschungelcamp-2018-das-ist-der-meistgesuchte-promi-kandidat-im-netz\\\/#breadcrumb\"},\"inLanguage\":\"de\",\"potentialAction\":[{\"@type\":\"ReadAction\",\"target\":[\"https:\\\/\\\/www.cosmoty.de\\\/test\\\/dschungelcamp-2018-das-ist-der-meistgesuchte-promi-kandidat-im-netz\\\/\"]}]},{\"@type\":\"ImageObject\",\"inLanguage\":\"de\",\"@id\":\"https:\\\/\\\/www.cosmoty.de\\\/test\\\/dschungelcamp-2018-das-ist-der-meistgesuchte-promi-kandidat-im-netz\\\/#primaryimage\",\"url\":\"https:\\\/\\\/www.cosmoty.de\\\/test\\\/wp-content\\\/uploads\\\/2018\\\/01\\\/dschungelcamp-2018-sieger-im-netz.png\",\"contentUrl\":\"https:\\\/\\\/www.cosmoty.de\\\/test\\\/wp-content\\\/uploads\\\/2018\\\/01\\\/dschungelcamp-2018-sieger-im-netz.png\",\"width\":3208,\"height\":1980},{\"@type\":\"BreadcrumbList\",\"@id\":\"https:\\\/\\\/www.cosmoty.de\\\/test\\\/dschungelcamp-2018-das-ist-der-meistgesuchte-promi-kandidat-im-netz\\\/#breadcrumb\",\"itemListElement\":[{\"@type\":\"ListItem\",\"position\":1,\"name\":\"Startseite\",\"item\":\"https:\\\/\\\/www.cosmoty.de\\\/test\\\/\"},{\"@type\":\"ListItem\",\"position\":2,\"name\":\"Dschungelcamp 2018: Das ist der meistgesuchte Promi-Kandidat im Netz!\"}]},{\"@type\":\"WebSite\",\"@id\":\"https:\\\/\\\/www.cosmoty.de\\\/test\\\/#website\",\"url\":\"https:\\\/\\\/www.cosmoty.de\\\/test\\\/\",\"name\":\"Cosmoty.de\",\"description\":\"\",\"potentialAction\":[{\"@type\":\"SearchAction\",\"target\":{\"@type\":\"EntryPoint\",\"urlTemplate\":\"https:\\\/\\\/www.cosmoty.de\\\/test\\\/?s={search_term_string}\"},\"query-input\":{\"@type\":\"PropertyValueSpecification\",\"valueRequired\":true,\"valueName\":\"search_term_string\"}}],\"inLanguage\":\"de\"}]}<\/script>\n<!-- \/ Yoast SEO plugin. -->","yoast_head_json":{"title":"Dschungelcamp 2018: Das ist der meistgesuchte Promi-Kandidat im Netz! - Cosmoty.de","robots":{"index":"index","follow":"follow","max-snippet":"max-snippet:-1","max-image-preview":"max-image-preview:large","max-video-preview":"max-video-preview:-1"},"canonical":"https:\/\/www.cosmoty.de\/test\/dschungelcamp-2018-das-ist-der-meistgesuchte-promi-kandidat-im-netz\/","og_locale":"de_DE","og_type":"article","og_title":"Dschungelcamp 2018: Das ist der meistgesuchte Promi-Kandidat im Netz! - Cosmoty.de","og_description":"Am 19.01.2018 ist es wieder so weit: 12 Kandidaten k\u00e4mpfen im Dschungelcamp bei Ekel-Pr\u00fcfungen um die Gunst der Zuschauer. 2017 waren die Zuschauerzahlen mit 7,72 Millionen Zuschauern pro Folge so hoch wie noch nie, wie diese Erhebung der AGF\/GfK-Fernsehforschung und Media Control zeigt. Grund genug f\u00fcr die Redakteure des Beauty- und Promi-Portals Cosmoty.de, zu analysieren: [&hellip;]","og_url":"https:\/\/www.cosmoty.de\/test\/dschungelcamp-2018-das-ist-der-meistgesuchte-promi-kandidat-im-netz\/","og_site_name":"Cosmoty.de","og_image":[{"url":"http:\/\/www.cosmoty.de\/test\/wp-content\/uploads\/2018\/01\/dschungelcamp-2018-sieger-im-netz-1024x632.png","type":"","width":"","height":""}],"twitter_card":"summary_large_image","twitter_misc":{"Gesch\u00e4tzte Lesezeit":"3\u00a0Minuten"},"schema":{"@context":"https:\/\/schema.org","@graph":[{"@type":"WebPage","@id":"https:\/\/www.cosmoty.de\/test\/dschungelcamp-2018-das-ist-der-meistgesuchte-promi-kandidat-im-netz\/","url":"https:\/\/www.cosmoty.de\/test\/dschungelcamp-2018-das-ist-der-meistgesuchte-promi-kandidat-im-netz\/","name":"Dschungelcamp 2018: Das ist der meistgesuchte Promi-Kandidat im Netz! - Cosmoty.de","isPartOf":{"@id":"https:\/\/www.cosmoty.de\/test\/#website"},"primaryImageOfPage":{"@id":"https:\/\/www.cosmoty.de\/test\/dschungelcamp-2018-das-ist-der-meistgesuchte-promi-kandidat-im-netz\/#primaryimage"},"image":{"@id":"https:\/\/www.cosmoty.de\/test\/dschungelcamp-2018-das-ist-der-meistgesuchte-promi-kandidat-im-netz\/#primaryimage"},"thumbnailUrl":"http:\/\/www.cosmoty.de\/test\/wp-content\/uploads\/2018\/01\/dschungelcamp-2018-sieger-im-netz-1024x632.png","datePublished":"2018-01-23T10:34:09+00:00","breadcrumb":{"@id":"https:\/\/www.cosmoty.de\/test\/dschungelcamp-2018-das-ist-der-meistgesuchte-promi-kandidat-im-netz\/#breadcrumb"},"inLanguage":"de","potentialAction":[{"@type":"ReadAction","target":["https:\/\/www.cosmoty.de\/test\/dschungelcamp-2018-das-ist-der-meistgesuchte-promi-kandidat-im-netz\/"]}]},{"@type":"ImageObject","inLanguage":"de","@id":"https:\/\/www.cosmoty.de\/test\/dschungelcamp-2018-das-ist-der-meistgesuchte-promi-kandidat-im-netz\/#primaryimage","url":"https:\/\/www.cosmoty.de\/test\/wp-content\/uploads\/2018\/01\/dschungelcamp-2018-sieger-im-netz.png","contentUrl":"https:\/\/www.cosmoty.de\/test\/wp-content\/uploads\/2018\/01\/dschungelcamp-2018-sieger-im-netz.png","width":3208,"height":1980},{"@type":"BreadcrumbList","@id":"https:\/\/www.cosmoty.de\/test\/dschungelcamp-2018-das-ist-der-meistgesuchte-promi-kandidat-im-netz\/#breadcrumb","itemListElement":[{"@type":"ListItem","position":1,"name":"Startseite","item":"https:\/\/www.cosmoty.de\/test\/"},{"@type":"ListItem","position":2,"name":"Dschungelcamp 2018: Das ist der meistgesuchte Promi-Kandidat im Netz!"}]},{"@type":"WebSite","@id":"https:\/\/www.cosmoty.de\/test\/#website","url":"https:\/\/www.cosmoty.de\/test\/","name":"Cosmoty.de","description":"","potentialAction":[{"@type":"SearchAction","target":{"@type":"EntryPoint","urlTemplate":"https:\/\/www.cosmoty.de\/test\/?s={search_term_string}"},"query-input":{"@type":"PropertyValueSpecification","valueRequired":true,"valueName":"search_term_string"}}],"inLanguage":"de"}]}},"_links":{"self":[{"href":"https:\/\/www.cosmoty.de\/test\/wp-json\/wp\/v2\/pages\/39588","targetHints":{"allow":["GET"]}}],"collection":[{"href":"https:\/\/www.cosmoty.de\/test\/wp-json\/wp\/v2\/pages"}],"about":[{"href":"https:\/\/www.cosmoty.de\/test\/wp-json\/wp\/v2\/types\/page"}],"author":[{"embeddable":true,"href":"https:\/\/www.cosmoty.de\/test\/wp-json\/wp\/v2\/users\/1"}],"replies":[{"embeddable":true,"href":"https:\/\/www.cosmoty.de\/test\/wp-json\/wp\/v2\/comments?post=39588"}],"version-history":[{"count":12,"href":"https:\/\/www.cosmoty.de\/test\/wp-json\/wp\/v2\/pages\/39588\/revisions"}],"predecessor-version":[{"id":39606,"href":"https:\/\/www.cosmoty.de\/test\/wp-json\/wp\/v2\/pages\/39588\/revisions\/39606"}],"wp:attachment":[{"href":"https:\/\/www.cosmoty.de\/test\/wp-json\/wp\/v2\/media?parent=39588"}],"curies":[{"name":"wp","href":"https:\/\/api.w.org\/{rel}","templated":true}]}}